 thousands digit of 48543?
8
What is the hundreds digit of 10907?
9
What is the units digit of 326?
6
What is the units digit of 83?
3
What is the hundreds digit of 4398?
3
What is the thousands digit of 4074?
4
What is the thousands digit of 1939?
1
What is the thousands digit of 2085?
2
What is the thousands digit of 39782?
9
What is the units digit of 54244?
4
What is the hundreds digit of 754?
7
What is the hundred thousands digit of 188955?
1
What is the tens digit of 50591?
9
What is the hundreds digit of 1221?
2
What is the units digit of 16918?
8
What is the hundreds digit of 3344?
3
What is the units digit of 16470?
0
What is the thousands digit of 1198?
1
What is the units digit of 1319?
9
What is the tens digit of 32159?
5
What is the tens digit of 15914?
1
What is the ten thousands digit of 123643?
2
What is the units digit of 148999?
9
What is the units digit of 399?
9
What is the ten thousands digit of 15908?
1
What is the tens digit of 1284?
8
What is the tens digit of 1374?
7
What is the units digit of 783?
3
What is the hundreds digit of 1406?
4
What is the hundreds digit of 3567?
5
What is the thousands digit of 3939?
3
What is the tens digit of 3243?
4
What is the units digit of 34748?
8
What is the thousands digit of 75884?
5
What is the units digit of 3730?
0
What is the tens digit of 62045?
4
What is the units digit of 1165?
5
What is the thousands digit of 1265?
1
What is the tens digit of 3995?
9
What is the units digit of 29747?
7
What is the ten thousands digit of 114612?
1
What is the hundreds digit of 617?
6
What is the hundreds digit of 26379?
3
What is the hundreds digit of 405?
4
What is the thousands digit of 3394?
3
What is the hundreds digit of 3675?
6
What is the tens digit of 2904?
0
What is the tens digit of 793?
9
What is the hundreds digit of 371?
3
What is the thousands digit of 1701?
1
What is the tens digit of 41923?
2
What is the ten thousands digit of 103007?
0
What is the thousands digit of 1094?
1
What is the hundreds digit of 1383?
3
What is the tens digit of 1833?
3
What is the ten thousands digit of 100500?
0
What is the thousands digit of 14472?
4
What is the units digit of 562?
2
What is the units digit of 4911?
1
What is the ten thousands digit of 10666?
1
What is the hundreds digit of 20925?
9
What is the tens digit of 25613?
1
What is the tens digit of 584?
8
What is the hundreds digit of 182?
1
What is the hundred thousands digit of 109796?
1
What is the tens digit of 1765?
6
What is the tens digit of 123872?
7
What is the tens digit of 379?
7
What is the thousands digit of 2472?
2
What is the tens digit of 907?
0
What is the ten thousands digit of 36337?
3
What is the tens digit of 1066?
6
What is the units digit of 5826?
6
What is the units digit of 62523?
3
What is the units digit of 66290?
0
What is the tens digit of 19885?
8
What is the tens digit of 88?
8
What is the units digit of 2118?
8
What is the tens digit of 37187?
8
What is the units digit of 6102?
2
What is the thousands digit of 1517?
1
What is the ten thousands digit of 10811?
1
What is the units digit of 77222?
2
What is the hundreds digit of 6307?
3
What is the ten thousands digit of 17634?
1
What is the hundreds digit of 9727?
7
What is the tens digit of 2062?
6
What is the thousands digit of 8729?
8
What is the thousands digit of 2860?
2
What is the tens digit of 3092?
9
What is the thousands digit of 2864?
2
What is the hundreds digit of 7250?
2
What is the units digit of 839?
9
What is the tens digit of 8513?
1
What is the units digit of 128?
8
What is the units digit of 756?
6
What is the thousands digit of 9637?
9
What is the tens digit of 3450?
5
What is the tens digit of 47556?
5
What is the units digit of 4898?
8
What is the units digit of 3610?
0
What is the hundreds digit of 455?
4
What is the thousands digit of 10064?
0
What is the thousands digit of 4540?
4
What is the ten thousands digit of 11127?
1
What is the ten thousands digit of 35313?
3
What is the hundreds digit of 172?
1
What is the tens digit of 130371?
7
What is the thousands digit of 18455?
8
What is the hundreds digit of 6295?
2
What is the units digit of 5793?
3
What is the tens digit of 702?
0
What is the hundreds digit of 32690?
6
What is the units digit of 5654?
4
What is the hundreds digit of 5987?
9
What is the ten thousands digit of 100539?
0
What is the thousands digit of 1813?
1
What is the units digit of 605?
5
What is the tens digit of 563?
6
What is the hundreds digit of 6927?
9
What is the tens digit of 54?
5
What is the tens digit of 14991?
9
What is the units digit of 1624?
4
What is the hundreds digit of 1033?
0
What is the hundreds digit of 2057?
0
What is the units digit of 24356?
6
What is the ten thousands digit of 16373?
1
What is the tens digit of 495?
9
What is the tens digit of 12017?
1
What is the tens digit of 2257?
5
What is the hundreds digit of 672?
6
What is the units digit of 6183?
3
What is the tens digit of 1362?
6
What is the hundreds digit of 29458?
4
What is the hundreds digit of 4132?
1
What is the hundreds digit of 2780?
7
What is the hundreds digit of 1014?
0
What is the ten thousands digit of 25677?
2
What is the tens digit of 656?
5
What is the hundreds digit of 16519?
5
What is the hundreds digit of 3335?
3
What is the units digit of 6172?
2
What is the tens digit of 147?
4
What is the units digit of 6537?
7
What is the hundreds digit of 11315?
3
What is the thousands digit of 18940?
8
What is the hundreds digit of 491?
4
What is the tens digit of 5885?
8
What is the thousands digit of 1292?
1
What is the hundred thousands digit of 154557?
1
What is the units digit of 11232?
2
What is the hundreds digit of 1773?
7
What is the thousands digit of 29735?
9
What is the units digit of 14905?
5
What is the thousands digit of 5761?
5
What is the thousands digit of 2611?
2
What is the hundreds digit of 20972?
9
What is the thousands digit of 2140?
2
What is the units digit of 9035?
5
What is the units digit of 51221?
1
What is the tens digit of 17239?
3
What is the tens digit of 856?
5
What is the hundreds digit of 129374?
3
What is the thousands digit of 2861?
2
What is the hundreds digit of 5480?
4
What is the hundred thousands digit of 160880?
1
What is the hundreds digit of 124246?
2
What is the tens digit of 61911?
1
What is the ten thousands digit of 15715?
1
What is the hundreds digit of 8715?
7
What is the tens digit of 36754?
5
What is the units digit of 4971?
1
What is the units digit of 128418?
8
What is the tens digit of 122725?
2
What is the hundreds digit of 16506?
5
What is the ten thousands digit of 34261?
3
What is the thousands digit of 6339?
6
What is the units digit of 7096?
6
What is the ten thousands digit of 14066?
1
What is the units digit of 4132?
2
What is the hundreds digit of 10199?
1
What is the ten thousands digit of 84723?
8
What is the hundreds digit of 48069?
0
What is the tens digit of 22860?
6
What is the hundreds digit of 5195?
1
What is the hundreds digit of 27942?
9
What is the thousands digit of 4765?
4
What is the hundreds digit of 1954?
9
What is the thousands digit of 1076?
1
What is the units digit of 177?
7
What is the units digit of 1090?
0
What is the ten thousands digit of 12776?
1
What is the tens digit of 965?
6
What is the thousands digit of 1311?
1
What is the ten thousands digit of 17651?
1
What is the ten thousands digit of 10723?
1
What is the thousands digit of 8460?
8
What is the tens digit of 691?
9
What is the tens digit of 19516?
1
What is the units digit of 72?
2
What is the units digit of 572?
2
What is the thousands digit of 7045?
7
What is the tens digit of 800?
0
What is the units digit of 1094?
4
What is the units digit of 647?
7
What is the units digit of 5675?
5
What is the units digit of 1102?
2
What is the tens digit of 8953?
5
What is the hundreds digit of 2663?
6
What is the thousands digit of 13545?
3
What is the units digit of 10033?
3
What is the units digit of 10565?
5
What is the units digit of 1255?
5
What is the units digit of 16668?
8
What is the units digit of 534?
4
What is the tens digit of 1021?
2
What is the ten thousands digit of 11890?
1
What is the hundreds digit of 891?
8
What is the units digit of 1050?
0
What is the hu